1394. Calculate the highest common factor of t and 16.
16
Suppose 12*j + 26*j = 532. Calculate the highest common factor of j and 266.
14
Suppose 34*c = 192 + 12. Let z = -9 + 21. Calculate the highest common factor of z and c.
6
Let o(i) = -i**3 + i**2 - 2*i - 19. Let h be o(0). Let w = h + 22. Suppose -4 = -4*q + w*q. What is the highest common divisor of q and 28?
4
Let z(c) = -51*c - 423. Let s be z(-11). What is the highest common divisor of s and 207?
69
Let p = -2 + -6. Let t be 32/p - (-25 + -1). What is the highest common divisor of 11 and t?
11
Suppose -5*b + 3*w = -14, -4 - 2 = -3*b + w. Let s(n) = n**3 - 6*n**2 + 5*n + 6. Let x = -6 + 11. Let l be s(x). What is the greatest common divisor of l and b?
1
Suppose -4*m + 6*m - 8 = 0. What is the greatest common divisor of m and 6?
2
Suppose 0 = -3*m + 573 + 498. Calculate the highest common factor of m and 51.
51
Suppose 239 + 561 = 10*j. Calculate the greatest common divisor of 840 and j.
40
Suppose -8 + 36 = 4*m. Suppose 4*v + 2*b - 14 = 0, -b + m = 4*v - 8. Calculate the highest common factor of 1 and v.
1
Let x(n) = -17*n**2 - 5*n + 1. Let k be x(4). Let u = k - -456. Calculate the greatest common divisor of u and 15.
15
Let v(x) = x**3 - 5*x**2 + 4*x + 1. Let d be ((-1)/(-2))/((-4)/(-376)). Let l be d/9 + (-10)/45. Let u be v(l). Calculate the highest common factor of 21 and u.
21
Let z(x) = 6*x**2 + 17*x + 3. Let y be z(7). What is the highest common divisor of y and 13?
13
Let i(w) = -2*w + 39. Let f(l) = -3*l + 40. Let s(d) = -3*f(d) + 4*i(d). Let p be s(8). Calculate the greatest common factor of p and 44.
44
Let s = 55 - 7. Calculate the highest common factor of s and 9.
3
Let k = 674 - 504. What is the greatest common divisor of k and 102?
34
Suppose 10*b - 210 = -4*b. Calculate the highest common divisor of 5 and b.
5
Suppose -4 = -2*z - 0. Suppose -z*a - 100 = -4*a + 2*r, -a + 52 = -2*r. What is the highest common divisor of 12 and a?
12
Suppose -10*q = -5482 - 3638. Calculate the highest common divisor of q and 48.
48
Let w be 1 + -1 - -10*4. Suppose 0 = r - 5*r + w. Calculate the highest common divisor of r and 70.
10
Suppose -155 = -5*r + 2*x, 4*r - x + 36 - 160 = 0. Calculate the highest common divisor of r and 341.
31
Suppose -2 = 5*u - 22, 3*u - 66 = -3*w. What is the highest common factor of w and 54?
18
Let m = -92 - -89. Let k = 1 - m. Let y = 5 + 23. Calculate the greatest common divisor of y and k.
4
Let r(p) = 2*p**2 + 94*p + 44. Let s be r(-49). What is the greatest common divisor of 90 and s?
30
Suppose 3*s = -x + 7*s + 24, 0 = 3*x + s - 7. What is the greatest common factor of 54 and x?
2
Let k(g) = g**2 - 25*g + 191. Let n be k(9). What is the highest common divisor of n and 141?
47
Suppose 17*t = 1453 + 18760. What is the greatest common factor of t and 41?
41
Let t(s) = 7*s - 25. Let p be t(10). Let k(c) = -c**2 + 7*c. Let q be k(6). Let b be ((-54)/(-8))/(q/16). What is the highest common factor of b and p?
9
Let o(q) = 2*q**2 - 16*q - 20. Let s be o(9). Let y be 2/((s/(-8))/1). What is the highest common factor of 56 and y?
8
Let v = -268 - -274. Calculate the highest common factor of v and 27.
3
Let l(o) = -o**3 + 7*o**2 + 7*o + 4. Let t be l(-4). Suppose -2*n + 928 = 2*n. Let v = n - t. What is the greatest common divisor of 10 and v?
10
Suppose 0 = -5*x + o + 497, -206 = -0*x - 2*x + 4*o. Calculate the greatest common factor of 88 and x.
11
Let w be 1/8 + 3356/32. Let u = 132 - w. What is the highest common divisor of 216 and u?
27
Suppose 0 = h, f - 2*f + 4*h - 4 = 0. Let u = -5 + f. Let a be (0 - u/6)*6. Calculate the highest common divisor of 1 and a.
1
Let z(p) = -11*p**3 + 15*p**2 + 33*p + 3. Let t be z(-2). Calculate the highest common divisor of 68 and t.
17
Let b(m) = m**2 - 35*m + 18. Let v be b(35). Calculate the greatest common factor of 78 and v.
6
Let t = 50 + 15. Let m = 44 + -24. Let q be 1 + m/(-5) + 29. What is the greatest common factor of q and t?
13
Suppose 5 = r + 5*n - 10, 3*r - 4*n - 45 = 0. Let a be 3/(-6) + (-44)/(-8). What is the highest common divisor of r and a?
5
Let s(x) = 18*x + 230. Let w be s(16). What is the highest common divisor of w and 37?
37
Suppose 2*y - 7 = -3. Let r be 2/(-4) + 1/y. Suppose r*t + 3*t = 210. What is the greatest common factor of 14 and t?
14
Let y(v) = -2*v**3 - 9*v**2 - 7*v + 8. Let r be y(-6). Let k = r + -81. Calculate the highest common divisor of 11 and k.
11
Suppose 2*u - 4 + 0 = 0. Suppose -u*c - 25 = -j + 3*c, 3*j - 2*c - 10 = 0. Suppose j = -3*l + 206 + 58. What is the greatest common divisor of 8 and l?
8
Let u(r) = -r**2 - 15*r - 15. Let k be u(-14). Let n(p) = -456*p. Let s be n(k). Suppose -4*m + m + s = 0. What is the greatest common divisor of 19 and m?
19
Suppose 3 = 3*z - 3*r, -3*r = 5*z + 22 - 3. Let o be ((-12)/15)/(z/10). What is the greatest common factor of 2 and o?
2
Suppose 0 = 2*c + 3*c - 30. Let p = 20 + 238. Suppose 2*q + 4*u = -3*q + p, 3*q = 5*u + 177. What is the greatest common factor of c and q?
6
Let t(n) = 3*n - 19. Let s be t(13). Suppose 6*h = h - 15. Let a be -2 + (h - 1*-185). What is the highest common divisor of a and s?
20
Let i be 34/51*186/4. Let f be i*(2/(-10))/(-1)*5. What is the greatest common factor of f and 93?
31
Let d = 20 - -90. What is the highest common divisor of 20 and d?
10
Suppose -644*t = -635*t - 3456. What is the greatest common factor of t and 96?
96
Suppose 2*x + 2*x - 35 = -p, 0 = -5*p - 25. Let u be 280/x + 4*1. Calculate the highest common divisor of u and 32.
32
Suppose 5*o = 3*n - 55, -5*n - o + 4*o = -81. Let k = n + 5. Let i = 29 - k. Calculate the highest common factor of i and 81.
9
Let c = 53 - 35. Let l be (20/(-15))/((-2)/18). What is the highest common divisor of c and l?
6
Suppose 2*i + 4*y = 5*i - 56, 4*i = 3*y + 63. Calculate the greatest common divisor of i and 60.
12
Let y = 661 + -640. Let u = 9 - -5. Calculate the greatest common divisor of y and u.
7
Let g = -316 + 331. What is the highest common divisor of g and 6?
3
Suppose -36*w + 54*w - 2448 = 0. Calculate the greatest common divisor of w and 72.
8
Suppose -16 = -2*y - 0. Let a(m) = m**3 - 7*m**2 - 8*m - 4. Let r be a(y). Let v be 2/r*(1 - 5). Calculate the greatest common divisor of 1 and v.
1
Let v(l) = 31*l + 393. Let m be v(30). What is the highest common factor of m and 81?
27
Let r = 5661 + -3723. Calculate the greatest common divisor of r and 6.
6
Let c(m) = 6*m + 2. Let o be c(2). Let r(x) = 5*x**3 - 22*x**2 + x - 10. Let l be r(5). Calculate the highest common factor of o and l.
14
Suppose -120 - 159 = -31*t. Let r be (3/(-3))/((-1)/45). What is the greatest common factor of r and t?
9
Suppose -q + 3*q = 320. Suppose 0 = -2*b - 3*b + q. Suppose -4*f + b = -0*f. Calculate the greatest common divisor of 16 and f.
8
Suppose 11*z + 432 = 1268. What is the highest common divisor of 285 and z?
19
Let u be (-124)/(-3) - (-4)/6. Suppose 0 = 105*f - 103*f - 56. What is the greatest common divisor of u and f?
14
Suppose 797 = 4*r - 967. Calculate the highest common divisor of 21 and r.
21
Let g(x) = -154*x - 906. Let n be g(-6). What is the greatest common divisor of 171 and n?
9
Let z(o) = -o**2 + 6*o + 603. Let m be z(0). Let l be 3/(3 - m/204)*2. Calculate the greatest common divisor of 17 and l.
17
Let y be (6/(-15) - 3/5) + 36. Let d = 56 - y. Calculate the greatest common divisor of d and 14.
7
Suppose 2*g + 5*f = -2*g - 20, 4*g = -3*f - 12. Suppose -3*r + 61 = j, 5*j + g*j + 18 = 2*r. What is the greatest common factor of 57 and r?
19
Let a = -1481 - -1833. What is the greatest common divisor of 11 and a?
11
Suppose -3*m + 55 = 10. Suppose m = -d - 22. Let r = -34 - d. Calculate the greatest common divisor of 3 and r.
3
Let v = 97 - 57. Let m(a) = -a**3 - 22*a**2 - 23*a - 34. Let n be m(-21). Calculate the greatest common divisor of v and n.
8
Let h(n) = -n**3 + 15*n**2 + 124*n + 44. Let u be h(18). What is the highest common factor of u and 8?
8
Let g be 15994/110 + (-1)/(15/6). What is the greatest common divisor of g and 29?
29
Let q(g) = -5*g - 1. Let y be q(-1). Let x = 85 + -83. Suppose -4*i + 2*j - 72 = -6*i, -4*j + 64 = x*i. What is the highest common divisor of i and y?
4
Suppose 5*w - 6*w + 5*j + 19 = 0, -4*w = -2*j - 22. Suppose -78 -